{"id":532,"date":"2023-09-28T20:19:46","date_gmt":"2023-09-28T18:19:46","guid":{"rendered":"https:\/\/www.hotelargenson.com\/?page_id=532"},"modified":"2025-11-24T16:52:44","modified_gmt":"2025-11-24T15:52:44","slug":"confort-vista-a-la-ciudad","status":"publish","type":"page","link":"https:\/\/www.hotelargenson.com\/es\/nuestras-habitaciones\/confort-vista-a-la-ciudad\/","title":{"rendered":"Confort Vista a la Ciudad"},"content":{"rendered":"<p style=\"text-align: center\" data-start=\"227\" data-end=\"345\">Habitaci\u00f3n doble de tama\u00f1o cl\u00e1sico equipada con una cama grande (160&#215;200), con vistas al patio interior o a la ciudad.<\/p>\n<p style=\"text-align: center\" data-start=\"347\" data-end=\"387\">Algunas habitaciones cuentan con balc\u00f3n.<\/p>\n","protected":false},"excerpt":{"rendered":"<p>Habitaci\u00f3n doble de tama\u00f1o cl\u00e1sico equipada con una cama grande (160&#215;200), con vistas al patio interior o a la ciudad. Algunas habitaciones cuentan con balc\u00f3n.<\/p>\n","protected":false},"author":90,"featured_media":0,"parent":521,"menu_order":40,"comment_status":"closed","ping_status":"closed","template":"template-single-room.php","meta":{"footnotes":""},"yoast_head":"<!-- This site is optimized with the Yoast SEO plugin v22.3 - https:\/\/yoast.com\/wordpress\/plugins\/seo\/ -->\n<title>Confort Vista a la Ciudad - Hotel d&#039;Argenson Paris<\/title>\n<meta name=\"robots\" content=\"index, follow, max-snippet:-1, max-image-preview:large, max-video-preview:-1\" \/>\n<link rel=\"canonical\" href=\"https:\/\/www.hotelargenson.com\/es\/nuestras-habitaciones\/confort-vista-a-la-ciudad\/\" \/>\n<meta property=\"og:locale\" content=\"es_ES\" \/>\n<meta property=\"og:type\" content=\"article\" \/>\n<meta property=\"og:title\" content=\"Confort Vista a la Ciudad - Hotel d&#039;Argenson Paris\" \/>\n<meta property=\"og:description\" content=\"Habitaci\u00f3n doble de tama\u00f1o cl\u00e1sico equipada con una cama grande (160&#215;200), con vistas al patio interior o a la ciudad. Algunas habitaciones cuentan con balc\u00f3n.\" \/>\n<meta property=\"og:url\" content=\"https:\/\/www.hotelargenson.com\/es\/nuestras-habitaciones\/confort-vista-a-la-ciudad\/\" \/>\n<meta property=\"og:site_name\" content=\"Hotel d&#039;Argenson Paris\" \/>\n<meta property=\"article:modified_time\" content=\"2025-11-24T15:52:44+00:00\" \/>\n<meta name=\"twitter:card\" content=\"summary_large_image\" \/>\n<script type=\"application\/ld+json\" class=\"yoast-schema-graph\">{\"@context\":\"https:\/\/schema.org\",\"@graph\":[{\"@type\":\"WebPage\",\"@id\":\"https:\/\/www.hotelargenson.com\/es\/nuestras-habitaciones\/confort-vista-a-la-ciudad\/\",\"url\":\"https:\/\/www.hotelargenson.com\/es\/nuestras-habitaciones\/confort-vista-a-la-ciudad\/\",\"name\":\"Confort Vista a la Ciudad - Hotel d'Argenson Paris\",\"isPartOf\":{\"@id\":\"https:\/\/www.hotelargenson.com\/es\/#website\"},\"datePublished\":\"2023-09-28T18:19:46+00:00\",\"dateModified\":\"2025-11-24T15:52:44+00:00\",\"breadcrumb\":{\"@id\":\"https:\/\/www.hotelargenson.com\/es\/nuestras-habitaciones\/confort-vista-a-la-ciudad\/#breadcrumb\"},\"inLanguage\":\"es\",\"potentialAction\":[{\"@type\":\"ReadAction\",\"target\":[\"https:\/\/www.hotelargenson.com\/es\/nuestras-habitaciones\/confort-vista-a-la-ciudad\/\"]}]},{\"@type\":\"BreadcrumbList\",\"@id\":\"https:\/\/www.hotelargenson.com\/es\/nuestras-habitaciones\/confort-vista-a-la-ciudad\/#breadcrumb\",\"itemListElement\":[{\"@type\":\"ListItem\",\"position\":1,\"name\":\"Accueil\",\"item\":\"https:\/\/www.hotelargenson.com\/es\/\"},{\"@type\":\"ListItem\",\"position\":2,\"name\":\"Habitaciones\",\"item\":\"https:\/\/www.hotelargenson.com\/es\/nuestras-habitaciones\/\"},{\"@type\":\"ListItem\",\"position\":3,\"name\":\"Confort Vista a la Ciudad\"}]},{\"@type\":\"WebSite\",\"@id\":\"https:\/\/www.hotelargenson.com\/es\/#website\",\"url\":\"https:\/\/www.hotelargenson.com\/es\/\",\"name\":\"Hotel d'Argenson Paris\",\"description\":\"\",\"potentialAction\":[{\"@type\":\"SearchAction\",\"target\":{\"@type\":\"EntryPoint\",\"urlTemplate\":\"https:\/\/www.hotelargenson.com\/es\/?s={search_term_string}\"},\"query-input\":\"required name=search_term_string\"}],\"inLanguage\":\"es\"}]}<\/script>\n<!-- \/ Yoast SEO plugin. -->","yoast_head_json":{"title":"Confort Vista a la Ciudad - Hotel d'Argenson Paris","robots":{"index":"index","follow":"follow","max-snippet":"max-snippet:-1","max-image-preview":"max-image-preview:large","max-video-preview":"max-video-preview:-1"},"canonical":"https:\/\/www.hotelargenson.com\/es\/nuestras-habitaciones\/confort-vista-a-la-ciudad\/","og_locale":"es_ES","og_type":"article","og_title":"Confort Vista a la Ciudad - Hotel d'Argenson Paris","og_description":"Habitaci\u00f3n doble de tama\u00f1o cl\u00e1sico equipada con una cama grande (160&#215;200), con vistas al patio interior o a la ciudad. Algunas habitaciones cuentan con balc\u00f3n.","og_url":"https:\/\/www.hotelargenson.com\/es\/nuestras-habitaciones\/confort-vista-a-la-ciudad\/","og_site_name":"Hotel d'Argenson Paris","article_modified_time":"2025-11-24T15:52:44+00:00","twitter_card":"summary_large_image","schema":{"@context":"https:\/\/schema.org","@graph":[{"@type":"WebPage","@id":"https:\/\/www.hotelargenson.com\/es\/nuestras-habitaciones\/confort-vista-a-la-ciudad\/","url":"https:\/\/www.hotelargenson.com\/es\/nuestras-habitaciones\/confort-vista-a-la-ciudad\/","name":"Confort Vista a la Ciudad - Hotel d'Argenson Paris","isPartOf":{"@id":"https:\/\/www.hotelargenson.com\/es\/#website"},"datePublished":"2023-09-28T18:19:46+00:00","dateModified":"2025-11-24T15:52:44+00:00","breadcrumb":{"@id":"https:\/\/www.hotelargenson.com\/es\/nuestras-habitaciones\/confort-vista-a-la-ciudad\/#breadcrumb"},"inLanguage":"es","potentialAction":[{"@type":"ReadAction","target":["https:\/\/www.hotelargenson.com\/es\/nuestras-habitaciones\/confort-vista-a-la-ciudad\/"]}]},{"@type":"BreadcrumbList","@id":"https:\/\/www.hotelargenson.com\/es\/nuestras-habitaciones\/confort-vista-a-la-ciudad\/#breadcrumb","itemListElement":[{"@type":"ListItem","position":1,"name":"Accueil","item":"https:\/\/www.hotelargenson.com\/es\/"},{"@type":"ListItem","position":2,"name":"Habitaciones","item":"https:\/\/www.hotelargenson.com\/es\/nuestras-habitaciones\/"},{"@type":"ListItem","position":3,"name":"Confort Vista a la Ciudad"}]},{"@type":"WebSite","@id":"https:\/\/www.hotelargenson.com\/es\/#website","url":"https:\/\/www.hotelargenson.com\/es\/","name":"Hotel d'Argenson Paris","description":"","potentialAction":[{"@type":"SearchAction","target":{"@type":"EntryPoint","urlTemplate":"https:\/\/www.hotelargenson.com\/es\/?s={search_term_string}"},"query-input":"required name=search_term_string"}],"inLanguage":"es"}]}},"acf":[],"_links":{"self":[{"href":"https:\/\/www.hotelargenson.com\/es\/wp-json\/wp\/v2\/pages\/532"}],"collection":[{"href":"https:\/\/www.hotelargenson.com\/es\/wp-json\/wp\/v2\/pages"}],"about":[{"href":"https:\/\/www.hotelargenson.com\/es\/wp-json\/wp\/v2\/types\/page"}],"author":[{"embeddable":true,"href":"https:\/\/www.hotelargenson.com\/es\/wp-json\/wp\/v2\/users\/90"}],"replies":[{"embeddable":true,"href":"https:\/\/www.hotelargenson.com\/es\/wp-json\/wp\/v2\/comments?post=532"}],"version-history":[{"count":0,"href":"https:\/\/www.hotelargenson.com\/es\/wp-json\/wp\/v2\/pages\/532\/revisions"}],"up":[{"embeddable":true,"href":"https:\/\/www.hotelargenson.com\/es\/wp-json\/wp\/v2\/pages\/521"}],"wp:attachment":[{"href":"https:\/\/www.hotelargenson.com\/es\/wp-json\/wp\/v2\/media?parent=532"}],"curies":[{"name":"wp","href":"https:\/\/api.w.org\/{rel}","templated":true}]}}

<p style="text-align: center" data-start="227" data-end="345">Habitación doble de tamaño clásico equipada con una cama grande (160&#215;200), con vistas al patio interior o a la ciudad.</p>
<p style="text-align: center" data-start="347" data-end="387">Algunas habitaciones cuentan con balcón.</p>

<p>Habitación doble de tamaño clásico equipada con una cama grande (160&#215;200), con vistas al patio interior o a la ciudad. Algunas habitaciones cuentan con balcón.</p>

<!-- This site is optimized with the Yoast SEO plugin v22.3 - https://yoast.com/wordpress/plugins/seo/ -->
<title>Confort Vista a la Ciudad - Hotel d&#039;Argenson Paris</title>
<meta name="robots" content="index, follow, max-snippet:-1, max-image-preview:large, max-video-preview:-1" />
<link rel="canonical" href="https://www.hotelargenson.com/es/nuestras-habitaciones/confort-vista-a-la-ciudad/" />
<meta property="og:locale" content="es_ES" />
<meta property="og:type" content="article" />
<meta property="og:title" content="Confort Vista a la Ciudad - Hotel d&#039;Argenson Paris" />
<meta property="og:description" content="Habitación doble de tamaño clásico equipada con una cama grande (160&#215;200), con vistas al patio interior o a la ciudad. Algunas habitaciones cuentan con balcón." />
<meta property="og:url" content="https://www.hotelargenson.com/es/nuestras-habitaciones/confort-vista-a-la-ciudad/" />
<meta property="og:site_name" content="Hotel d&#039;Argenson Paris" />
<meta property="article:modified_time" content="2025-11-24T15:52:44+00:00" />
<meta name="twitter:card" content="summary_large_image" />
<script type="application/ld+json" class="yoast-schema-graph">{"@context":"https://schema.org","@graph":[{"@type":"WebPage","@id":"https://www.hotelargenson.com/es/nuestras-habitaciones/confort-vista-a-la-ciudad/","url":"https://www.hotelargenson.com/es/nuestras-habitaciones/confort-vista-a-la-ciudad/","name":"Confort Vista a la Ciudad - Hotel d'Argenson Paris","isPartOf":{"@id":"https://www.hotelargenson.com/es/#website"},"datePublished":"2023-09-28T18:19:46+00:00","dateModified":"2025-11-24T15:52:44+00:00","breadcrumb":{"@id":"https://www.hotelargenson.com/es/nuestras-habitaciones/confort-vista-a-la-ciudad/#breadcrumb"},"inLanguage":"es","potentialAction":[{"@type":"ReadAction","target":["https://www.hotelargenson.com/es/nuestras-habitaciones/confort-vista-a-la-ciudad/"]}]},{"@type":"BreadcrumbList","@id":"https://www.hotelargenson.com/es/nuestras-habitaciones/confort-vista-a-la-ciudad/#breadcrumb","itemListElement":[{"@type":"ListItem","position":1,"name":"Accueil","item":"https://www.hotelargenson.com/es/"},{"@type":"ListItem","position":2,"name":"Habitaciones","item":"https://www.hotelargenson.com/es/nuestras-habitaciones/"},{"@type":"ListItem","position":3,"name":"Confort Vista a la Ciudad"}]},{"@type":"WebSite","@id":"https://www.hotelargenson.com/es/#website","url":"https://www.hotelargenson.com/es/","name":"Hotel d'Argenson Paris","description":"","potentialAction":[{"@type":"SearchAction","target":{"@type":"EntryPoint","urlTemplate":"https://www.hotelargenson.com/es/?s={search_term_string}"},"query-input":"required name=search_term_string"}],"inLanguage":"es"}]}</script>
<!-- / Yoast SEO plugin. -->

Habitación doble de tamaño clásico equipada con una cama grande (160&#215;200), con vistas al patio interior o a la ciudad. Algunas habitaciones cuentan con balcón.
